actors of j?
5
Let n be -2*3/12*4. List the prime factors of n/1*(-1)/1.
2
Let k be (1 - (2 + 0))*13. Let d be k/(-11) + (-2)/11. What are the prime factors of 5 - 7 - (-7 + d)?
2
Let c(d) = 6*d**2 + 2*d + 3. Let s be c(-3). Suppose -s = -3*y + 12. List the prime factors of y.
3, 7
Let x be -13*-3*(-1)/3. Let o = x - -30. List the prime factors of o.
17
Suppose s = 5*x + 66, 3*x = 5*s - 0*x - 286. What are the prime factors of s?
2, 7
Let t(k) = -4*k**2 + 2*k + 2. Let d be t(-3). Let p = d - -28. Let r = 20 + p. What are the prime factors of r?
2
Let y be (-5)/2*36/30. List the prime factors of (-264)/(-18) - 1/y.
3, 5
Let q(z) = 7*z**2 - 3*z - 1. Let u be q(-2). Suppose -u = -c - 3. Suppose -2*k = 4*g - 24, c = 5*k - g - 30. List the prime factors of k.
2, 3
Let m(s) = -s**3 - 6*s**2 - 4*s + 4. Let x be m(-5). Suppose 0*y - 42 = 6*y. What are the prime factors of y + 12 - (0 - x)?
2
Let c = -65 + 113. What are the prime factors of c?
2, 3
What are the prime factors of (-1 - 2)*-1*(-12)/(-9)?
2
Let c(s) = 41*s - 2. Let n be c(1). Let g = 67 - n. What are the prime factors of g?
2, 7
Let k = 676 - 396. What are the prime factors of k?
2, 5, 7
What are the prime factors of (351/(-36))/(1/(-4))?
3, 13
Let y = -24 + 38. Suppose 0*c + c = y. List the prime factors of c.
2, 7
Let v = 3 - 3. Let m = v + 2. Suppose 0*a - 2*a + 23 = -h, m*h = 2*a - 26. What are the prime factors of a?
2, 5
Suppose 3*l + 16 = 5*x, 0*x + 2*x + 2 = -3*l. Suppose x*g - 15 = 5*f + 17, -44 = -2*g + 2*f. What are the prime factors of g?
2, 13
Let d(i) = -31*i - 33. List the prime factors of d(-5).
2, 61
Suppose -3*v + j - 3 = -0*v, 0 = 5*v - 5*j + 15. Suppose v*m = -m. Suppose -t - 4*d = -46 + 18, 5*t + 3*d - 106 = m. What are the prime factors of t?
2, 5
Let b = 4 + -6. Let d be 4*(-4)/(b - 0). Suppose -d = -4*s + 2*s. What are the prime factors of s?
2
Suppose 14 = 2*z - 12. List the prime factors of z.
13
Let y be 3/15 - 21/5. List the prime factors of (y/(-8))/(1/90).
3, 5
Let c(k) = 2*k + 1. Let a be c(1). Let h(z) = 3*z**2 - z**2 - 5*z - 3*z**2 - a*z - 9. What are the prime factors of h(-6)?
3
Suppose -2*y + 2 = -y. Suppose -i = -4*b - 22, y*b = i + 3 - 21. List the prime factors of i.
2, 7
Suppose l - 83 = 4*j, -5*j - 385 = -5*l - 0*j. List the prime factors of l.
3, 5
Let g(h) = -16*h**2 + 4*h - 3. Let d be g(2). Let y = -42 - d. Suppose -52 = -4*r - 0*s + 4*s, -5*s = r + y. What are the prime factors of r?
2
Suppose -u = 3*u - 4*d, 4*u - 2*d - 6 = 0. Suppose 18 = 2*p - 4*y, -6 = -p - 0*p + u*y. List the prime factors of p.
3, 5
Let f(q) = q + 2. Suppose -3*b - 3*p = -5*b + 21, 2*b + 3*p = -9. Let m = 9 - b. List the prime factors of f(m).
2
Let s = -16 - -16. Suppose -3*z = -g - 16, s*g = -2*z - 4*g + 34. What are the prime factors of z?
7
Let i(j) = -j**2 + 4*j - 6. Let y(z) = 4*z**2 - 11*z + 17. Suppose -f + 1 = -1. Let w(b) = f*y(b) + 7*i(b). What are the prime factors of w(-8)?
2
Let s = -5 - -9. Suppose 0 = 5*r - 4*w - 73 - 5, s*r - 64 = 4*w. What are the prime factors of r?
2, 7
Suppose -170 = -5*v + 3*l - 45, -2*v + l = -51. What are the prime factors of v?
2, 7
Suppose -1 = -m + 2, 4*m = -q + 21. Let o(p) = -p**2 + 12*p - 12. What are the prime factors of o(q)?
3, 5
Let i(l) = l**2 + 4*l + 3. Let o be i(-4). Suppose 3 = -3*m + 2*y, -m - 2 = 2*y - 1. List the prime factors of m + 2 + 0 + o.
2
Suppose 6*x - 36 = 3*x. Let f = -4 - -1. Let c = f + x. List the prime factors of c.
3
Suppose 4*w + 8 = a + 2, -3*w - 64 = -5*a. What are the prime factors of a?
2, 7
Suppose -46 = 5*p - 1. Let g(h) = -h**2 - 9*h + 2. Let v be g(p). Suppose -u - 10 = 4*s, 3*u + 0*u = v*s + 12. List the prime factors of u.
2
Let a = 77 + -53. What are the prime factors of a?
2, 3
Let n(s) = -s**3 + 6*s**2 + 7*s. Let p be n(7). Let x(q) = 8 - q**3 - 3*q + 3*q - q**2. List the prime factors of x(p).
2
Let f(d) = 8*d - 1. Let w = 10 - 5. Suppose 2*j - w*l - 17 = 0, j + 4*j = -4*l - 7. What are the prime factors of f(j)?
7
Suppose -912 = -2*j - 6*j. What are the prime factors of j?
2, 3, 19
Let p(v) = 3*v**2 - v + 1. Let m be p(1). Let a(w) = 0*w**2 + m + w**2 - 2. List the prime factors of a(2).
5
Suppose -159 = -3*n - 39. Suppose 2*v - n = -3*v. Suppose -3*x - v = -5*x. List the prime factors of x.
2
Suppose 0 = -5*c, 5*c + 378 = 4*i - 306. List the prime factors of i.
3, 19
Let r be 3*1/3*-1. Let x = 16 - r. List the prime factors of x.
17
Let q = -203 - -484. What are the prime factors of q?
281
Suppose 0*z + 125 = 3*r + 2*z, 0 = -3*r + 3*z + 120. List the prime factors of r.
41
Suppose -5*y = -2*h - 15, 0 = -2*h - 0*h. Let i = y + 7. What are the prime factors of i?
2, 5
Let t(r) = r**2 - 9*r + 8. Let k be t(6). Let d(f) = -f - 8. Let c be d(k). Let j(s) = 6*s - 2. What are the prime factors of j(c)?
2, 5
Suppose 4*f + 0*f = 0, -3*l + f = 0. Suppose 0*i - i - 2 = l. List the prime factors of 14 + (-2 - i)/2.
2, 7
Suppose 0 = -4*j + 8*j - 456. List the prime factors of j.
2, 3, 19
Let y be -8*(4/8 + -1). Let u = y - -18. List the prime factors of u.
2, 11
Let b be (-2)/(-8) - (-13)/(-4). Let z = b + 0. What are the prime factors of (2*-3)/(6/z)?
3
Suppose 2*i - 5*n = -i + 55, -57 = -3*i + 3*n. Suppose -d - 4*q = 0, -27 = d - 2*q - 3*q. What are the prime factors of i/3 + (-4)/d?
7
Let i = 80 - 146. Let y = -128 - i. What are the prime factors of (-3)/(-12) - y/8?
2
Suppose 0 = 3*p - 1 + 4. Let o be (-5)/10*(-3 + p). List the prime factors of o/(-5) + 174/10.
17
Suppose s - 22 = 44. What are the prime factors of s?
2, 3, 11
List the prime factors of 64 + 9/(18/(-8)).
2, 3, 5
Suppose -22 = 2*s - 4. Suppose -7 = -3*h - 1. List the prime factors of (-2)/(-2) - (s + h).
2
Suppose 0 = 4*h - 5*q - 212, -h - 3*q = 4*h - 228. What are the prime factors of h?
2, 3
List the prime factors of ((-804)/(-10))/(-5*27/(-450)).
2, 67
Let u = 76 - 36. What are the prime factors of u?
2, 5
Suppose 2*r = 5*r. Suppose -2*g - 2*p + 8 = 0, 3*g - 4*g + 5*p + 16 = r. List the prime factors of g.
2, 3
Let m(r) = -r**2 + 7*r - 6. Let k be m(5). Let c be (-20)/(-8) - 2*(-3)/12. Suppose -5*o + c + 61 = k*g, 0 = 4*o - 16. What are the prime factors of g?
11
Suppose 2*m + 3*m - 3*d - 519 = 0, -4*m - 3*d = -426. List the prime factors of m.
3, 5, 7
Let j = -5 + 12. Let d = 9 - 4. Suppose -j = -r - d*u, -r + 4*u + 7 = -0*r. List the prime factors of r.
7
Suppose 4*y - 5*t - 1129 = 0, y = 3*y - 4*t - 566. List the prime factors of y.
281
Let p(f) = -f**3 - f**2. Let m be p(0). Suppose m = -k - 2*k + 45. What are the prime factors of k?
3, 5
Let w(t) = -t + 4. Let c be w(6). Let h = c + 5. Suppose -4*o + 30 = -5*m, o - h*o - 5*m = -30. What are the prime factors of o?
2, 5
Let b = -11 + 15. Suppose b*h = 4*p + 8, -3*h - p = -11 - 15. What are the prime factors of h?
7
Let v(h) = -h + 4. Let x be v(-8). Let u be 2/3 + 4/(-6). Suppose 0 = -3*g - 3*m + 36, u = 2*m + m - x. What are the prime factors of g?
2
Let d(b) = b**2. What are the prime factors of d(-4)?
2
Let m(r) = -r**2 - 9*r - 2. Suppose x + 5 = 2. What are the prime factors of m(x)?
2
Let d = 589 + -384. What are the prime factors of d?
5, 41
List the prime factors of (-2)/(8/(-44)) + 2.
13
Suppose -p - 3*h = 18, -54 = 3*p - 0*p - 5*h. Let l be 94/p - 4/(-18). Let r = 6 - l. What are the prime factors of r?
11
Let k be 6/(-4)*(-15 - -1). Suppose 0 = -p - 2*f - f + 2, -4*f = -3*p - 46. List the prime factors of 2/p - k/(-5).
2
Suppose 0 = -m + 3*m - 8. Suppose m*o + 18 = 5*o. What are the prime factors of o?
2, 3
Let m be -5 + 3 - (-6 - 0). Suppose -4*u + m + 48 = 0. What are the prime factors of u?
13
What are the prime factors of 2/6*(6 + 744)?
2, 5
Suppose 0 = 4*d - 13 - 19. Suppose 0 = -4*f + d + 12. What are the prime factors of f?
5
Let q(x) = -5 + 2 + x + 0 + 2. Let c be q(-5). Let r(s) = -s. List the prime factors of r(c).
2, 3
What are the prime factors of -4 + 1 + 55 + -4?
2, 3
Suppose -1 = l - 6. Suppose 35 = -t - l*s, -t + 0*s = -s + 5. Let m = -6 - t. List the prime factors of m.
2
Let z(o) = -4*o**3 - 2*o**2 - 4. Let j be z(-3). Suppose -5*l = -4*s - 131, -3*l = 5*s - 0*s - j. Suppose 4*v = l + 41. What are the prime factors of v?
17
Suppose -4*x + 2*x + 22 = 2*t, -2*x - t + 18 = 0. Suppose x*m - 4*m = 57. List the prime factors of m.
19
Let l be (